069487 composite?
False
Is 79029221 a prime number?
False
Is 40884059 a prime number?
True
Is 89797573 composite?
False
Is 30428679 composite?
True
Is 1608979 a composite number?
False
Is 29627113 a composite number?
False
Is 270119377 composite?
True
Is 2373079 a composite number?
False
Is 42252451 composite?
False
Is 9576911 a composite number?
False
Is 2603879 a prime number?
True
Is 30768119 composite?
False
Is 236143447 a prime number?
False
Is 726331 a prime number?
True
Is 10211491 a composite number?
False
Is 893213 prime?
True
Is 2594927 prime?
False
Is 960029 a prime number?
False
Is 151873 composite?
True
Is 514009169 a composite number?
True
Is 10479439 prime?
False
Is 14817667 a prime number?
True
Is 1486799 prime?
True
Is 1194959 prime?
True
Is 411578947 composite?
True
Is 2922961 composite?
False
Is 185431009 a prime number?
False
Is 1237813 prime?
True
Is 58365481 a composite number?
True
Is 256381589 a prime number?
False
Is 13044961 a composite number?
False
Is 16781711 a prime number?
True
Is 4145393 a prime number?
False
Is 28559743 composite?
False
Is 39792617 prime?
False
Is 219452879 composite?
False
Is 17984873 composite?
True
Is 1104997 a composite number?
True
Is 850939 prime?
False
Is 2004109 prime?
True
Is 275519383 a composite number?
False
Is 2281973 composite?
False
Is 2010269 composite?
True
Is 10003807 composite?
True
Is 84870299 prime?
False
Is 198301 composite?
False
Is 263633 prime?
False
Is 124260869 a prime number?
True
Is 221907271 a composite number?
False
Is 339401 a composite number?
True
Is 16802413 a composite number?
False
Is 132980461 a prime number?
False
Is 4481153 composite?
False
Is 150361463 prime?
False
Is 13326193 prime?
False
Is 200009951 prime?
True
Is 6813929 composite?
True
Is 120969085 a prime number?
False
Is 220302503 composite?
True
Is 1030057 a prime number?
False
Is 41629027 a composite number?
True
Is 29119373 prime?
False
Is 22981997 prime?
True
Is 9654913 composite?
False
Is 5223019 a composite number?
True
Is 1412699 prime?
False
Is 4541473 prime?
False
Is 124393831 prime?
True
Is 10771877 a composite number?
False
Is 1785787 composite?
True
Is 43457345 a composite number?
True
Is 92817511 composite?
True
Is 63720193 prime?
False
Is 62671681 prime?
True
Is 342407 prime?
False
Is 91924361 composite?
False
Is 68738843 a prime number?
True
Is 3437965 prime?
False
Is 297737 a composite number?
True
Is 56239099 prime?
False
Is 1545329 a prime number?
True
Is 1105349 composite?
True
Is 13012939 prime?
False
Is 145091 a prime number?
True
Is 54451171 composite?
True
Is 108052433 prime?
True
Is 45582051 prime?
False
Is 11899661 prime?
True
Is 1870733 a composite number?
False
Is 337453 composite?
False
Is 140849 a composite number?
True
Is 2818247 a composite number?
True
Is 26323693 composite?
True
Is 42104593 a composite number?
False
Is 633109 prime?
False
Is 63321253 composite?
False
Is 19662751 a prime number?
True
Is 38149567 composite?
False
Is 776496443 a composite number?
False
Is 7739089 prime?
False
Is 6918437 composite?
True
Is 18621269 a composite number?
True
Is 35176861 a prime number?
False
Is 190808987 prime?
True
Is 2841893 prime?
True
Is 81742811 composite?
False
Is 75822671 composite?
True
Is 26136529 prime?
True
Is 2840857 composite?
False
Is 38847217 prime?
True
Is 44727833 a prime number?
False
Is 9521419 a prime number?
False
Is 245962589 a composite number?
True
Is 3041971 a prime number?
True
Is 1435403 a composite number?
False
Is 49744693 a prime number?
False
Is 52677811 a prime number?
False
Is 60019387 prime?
True
Is 34183987 composite?
False
Is 4998667 a composite number?
False
Is 204233 a prime number?
True
Is 295513 a composite number?
False
Is 5518409 a composite number?
True
Is 8646457 prime?
True
Is 155934107 prime?
False
Is 320708909 composite?
True
Is 31198481 composite?
False
Is 29264717 a composite number?
True
Is 357900503 a composite number?
False
Is 10333937 prime?
False
Is 139901 composite?
False
Is 293647009 a composite number?
False
Is 2253521 a prime number?
True
Is 45233 composite?
False
Is 66617359 prime?
False
Is 21216191 composite?
False
Is 1600798 composite?
True
Is 1867585 a prime number?
False
Is 218583187 a prime number?
True
Is 110625737 prime?
False
Is 194213769 a composite number?
True
Is 140053 a composite number?
False
Is 248309603 a prime number?
True
Is 167666041 prime?
True
Is 311251145 composite?
True
Is 1004963 prime?
True
Is 17415721 a prime number?
True
Is 6018205 composite?
True
Is 8464889 composite?
False
Is 31504001 a prime number?
False
Is 48289634 prime?
False
Is 764311 prime?
False
Is 2641291 prime?
False
Is 4066333 a prime number?
True
Is 25334731 composite?
False
Is 208666301 composite?
True
Is 665065 composite?
True
Is 111531313 a composite number?
False
Is 33470833 prime?
False
Is 9846973 prime?
True
Is 694523671 composite?
False
Is 40547759 a prime number?
False
Is 102001247 composite?
False
Is 14255123 prime?
True
Is 77882663 prime?
True
Is 34632287 composite?
False
Is 134901473 a prime number?
False
Is 3398383 prime?
False
Is 404815 a prime number?
False
Is 9367373 a composite number?
False
Is 3731461 composite?
False
Is 3724001 a composite number?
False
Is 125382459 prime?
False
Is 6990843 a composite number?
True
Is 2494711 a prime number?
True
Is 71394901 prime?
True
Is 3137003 a composite number?
False
Is 68729 prime?
True
Is 94438511 prime?
True
Is 9895811 prime?
False
Is 3446551 a prime number?
True
Is 61474183 prime?
True
Is 5937137 composite?
False
Is 44263913 a composite number?
True
Is 9890789 composite?
False
Is 24043703 a prime number?
True
Is 7454053 a prime number?
True
Is 60463879 prime?
False
Is 93266263 composite?
False
Is 11379107 a prime number?
False
Is 8601013 prime?
True
Is 83969 a composite number?
False
Is 3120067 prime?
True
Is 174227 composite?
True
Is 4369337 prime?
False
Is 11155267 prime?
True
Is 70192313 a composite number?
False
Is 3861937 composite?
True
Is 4179281 a prime number?
False
Is 100732143 prime?
False
Is 3312263 a prime number?
False
Is 3639397 composite?
False
Is 39565859 a prime number?
False
Is 3092237 composite?
False
Is 474735587 a composite number?
False
Is 23497 composite?
False
Is 447707119 a composite number?
False
Is 4698761 a composite number?
False
Is 5279681 composite?
True
Is 286661 a prime number?
False
Is 6511211 composite?
True
Is 4587953 a composite number?
False
Is 28517465 a composite number?
True
Is 686437 prime?
True
Is 3708219 composite?
True
Is 80714779 a prime number?
True
Is 224251057 composite?
True
Is 560617 a composite number?
False
Is 10651519 a prime number?
False
Is 41268527 prime?
True
Is 1566517 composite?
False
Is 29574379 a composite number?
False
Is 3466571 a prime number?
False
Is 55656161 a prime number?
False
Is 1110694903 composite?
False
Is 4890491 prime?
False
Is 5816731 a prime number?
True
Is 4147697 prime?
True
Is 8773517 a prime number?
True
Is 140378963 a prime number?
False
Is 5695253 a composite number?
False
Is 9453701 prime?
False
Is 3982163 a composite number?
True
Is 264449 prime?
False
Is 27125107 a composite number?
True
Is 44381041 prime?
True
Is 75005603 a composite number?
False
Is 53045095 prime?
False
Is 236128819 prime?
False
Is 107307769 a composite number?
True
Is 6211963 prime?
True
Is 1087475837 a composite number?
True
Is 266876639 prime?
True
Is 3926073 prime?
False
Is 93823829 prime?
False
Is 118946 prime?
False
Is 673879 a prime number?
True
Is 18707693 a composite number?
True
Is 15062197 composite?
False
Is 7945277 prime?
True
Is 774769 prime?
False
Is 25024353 a composite number?
True
Is 58119463 a prime number?
True
Is 43925719 a prime number?
False
Is 27143981 a composite number?
False
Is 8602987 a composite number?
False
Is 73408277 a prime number?
False
Is 1918942 a composite number?
True
Is 14068555 composite?
True
Is 41401774 prime?
False
Is 3209701 a prime number?
False
Is 201031 prime?
True
Is 11948719 a composite number?
True
Is 177105221 prime?
False
Is 6189481 prime?
True
Is 1381271 prime?
True
Is 12891847 prime?
False
Is 18630137 prime?
False
Is 1477981 a prime number?
False
Is 17890087 a prime number?
True
Is 30039053 a composite number?
True
Is 11175883 a prime number?
Fals